 prime factors of i.
293
Let v(n) = 49*n**2 + 2*n - 1. Let j be v(1). Suppose -2*u + 2*t + j = -1036, 3*u - 1619 = t. What are the prime factors of u?
2, 269
Suppose 62112 = 4*u - 2*o, 5*u - 5*o = 8180 + 69465. List the prime factors of u.
15527
Suppose 269*l = 267*l + j + 41954, -5*l + 4*j + 104894 = 0. List the prime factors of l.
2, 10487
Let n be 14/(-49) + (-1698)/(-14). Let k(l) = -3*l + 8*l + l**2 + 120*l**3 + 20 - 6 - n*l**3. List the prime factors of k(-5).
139
Let j(a) = 443*a**2 - a - 1. Let d(k) = -k**2 + k + 11. Let s be d(4). What are the prime factors of j(s)?
443
Suppose 0 = -m + 2 + 142. Suppose -18 + m = 14*s. List the prime factors of s.
3
Let o be -1*(0 + -3 + 0) + 21. Let a be -2*1/6 + (-3352)/o. What are the prime factors of (1 - 2)/2*(-2 + a)?
71
Suppose 51*k - 2030 = 80*k. List the prime factors of (-4)/(-14) - 117720/k.
2, 29
Suppose -39*r - 9 = -42*r. Suppose -5*s - 16 = r*j, 5*j - 5*s - 34 = 2*j. List the prime factors of (-248)/(-3) - ((-10)/j - -3).
83
Suppose -20*p + 19323 = -8777. List the prime factors of p.
5, 281
Let l(w) = 58*w + 327. Let g be l(-7). Let f = g - -828. What are the prime factors of f?
7, 107
Let y = 5171 + -108. List the prime factors of y.
61, 83
Suppose -104*r + 4699141 = 746567 - 32810. What are the prime factors of r?
38321
List the prime factors of (4/(-18))/((-197)/7533477).
2, 7, 607
Let s be (-2 + 22/(-4))*(-41 - -51). Let n = 525 + s. What are the prime factors of n?
2, 3, 5
Suppose -2 = -o + i + 11, -5*o - 5*i = -65. Let z(w) = -7 + 8 + 18 + 12*w**2 - w**3 + o. List the prime factors of z(11).
3, 17
Suppose -24*v + 21*v = 3. What are the prime factors of (-2)/((-12)/(-3546))*v?
3, 197
Let a be -310*(-9)/9 - -6. Let m = 95 + a. List the prime factors of m.
3, 137
Let q(k) = 11*k + 176. Suppose 15*x + 0*x = 510. What are the prime factors of q(x)?
2, 5, 11
Suppose -4*a = -4*r + 97096, 4*a = 13 - 17. List the prime factors of r.
3, 29, 31
Let f = -114 - -118. Suppose 4358 = f*b - 2*s, 5*b - s = 4*b + 1089. List the prime factors of b.
2, 5, 109
Let i(k) = 69*k**2 - 9*k - 35. Let q(n) = -n**3 + 3*n**2 + 29*n - 10. Let p be q(7). What are the prime factors of i(p)?
613
Let k = 6873 - 6010. What are the prime factors of k?
863
Let t(m) = -11*m**2 - 16*m + 27. Let u be t(2). Let r = 308 - u. List the prime factors of r.
3, 7, 17
Let v(d) be the first derivative of -d**3/3 + 51*d**2/2 - 50*d + 74. What are the prime factors of v(33)?
2, 17
Let q(u) = 1442*u - 2. Let x be q(1). Suppose -7*h + h = -x. Suppose -n = 2*f - 42 + 9, 5*f + h = 5*n. List the prime factors of n.
43
Let m be 4/(-42) - ((-40)/(-21) - 3). List the prime factors of -10 - -9 - (m/(-1) - 366).
2, 3, 61
Let n(b) = -6*b - 6. Let r be n(-1). Let j(u) = -u**2 - 2*u + 70. Let a be j(r). Suppose 5*y + a = 695. What are the prime factors of y?
5
Let g be (5 - 7)*9/6. Let c be (12/g - -384) + -3. Suppose -c + 1043 = 9*o. What are the prime factors of o?
2, 37
Let k = 164 + -152. Let l be (-8)/(-6)*(-24)/4. Let a = k - l. List the prime factors of a.
2, 5
Suppose -5*m + z + 721 + 286 = 0, -410 = -2*m + 4*z. Suppose 13*y = 10*y + 5*s + 10, 2*s - 17 = -3*y. Suppose y*w - m = 4*w. List the prime factors of w.
3, 67
Let c(i) be the third derivative of -i**5/60 - 2*i**4/3 - 3*i**3/2 + 29*i**2. Let o be c(-15). List the prime factors of ((-1464)/16)/(o/(-8)).
2, 61
Let w = -36393 + 74321. List the prime factors of w.
2, 11, 431
Let l = -26639 + 44007. What are the prime factors of l?
2, 13, 167
Suppose 0 = 4*p + 2*s - 45062, -2*p = -s - 19563 - 2982. List the prime factors of p.
59, 191
Let g = -25901 + 65845. List the prime factors of g.
2, 4993
Let n = -455 + 1781. Suppose 11*v - 170 - n = 0. What are the prime factors of v?
2, 17
Let o = 14 - 18. List the prime factors of (-1787 - 91)/((-2)/o*-3).
2, 313
Suppose 4097 - 694 = c + r, -4*c - 2*r + 13602 = 0. What are the prime factors of c?
2, 1699
Let q(j) = -4 + j + 5*j**2 + 24*j**3 + 0*j + 25*j**3 - 48*j**3. What are the prime factors of q(5)?
251
Let m = 2066 - 2061. Let b be (-2)/(-3) - 3998/(-6). Suppose 0 = m*z - b - 628. List the prime factors of z.
7, 37
Suppose -20*y + 544 = -16*y. Let a = 439 + -383. Let q = y - a. What are the prime factors of q?
2, 5
Suppose 2*p - 746 = 458. Suppose -2*g - 58 = -p. Let i = g - 35. What are the prime factors of i?
3, 79
Let t = -17320 - -44994. List the prime factors of t.
2, 101, 137
Suppose -2 = h, 132 = 3*o + 3*h - 24. Let i = -49 + o. Suppose -4*x + 42 = -2*w, -i*w + 4 + 47 = 2*x. What are the prime factors of x?
13
Suppose -2*k + 861 = -3*b, -19*k - 1244 = -22*k - 5*b. What are the prime factors of k?
3, 47
Let h(b) = -b**3 - 18*b**2 + 20*b + 22. Let u be h(-19). Let m(v) = -3*v + 5*v - 11*v**2 + 13*v**2 + 2 - 3*v**3 + 0*v**u. What are the prime factors of m(-2)?
2, 3, 5
Let b(l) = 241*l + 471. List the prime factors of b(26).
6737
Let i(s) = -765*s + 509. List the prime factors of i(-4).
43, 83
Suppose 2*m + 5*c - 4 = 3*c, 3*c - 6 = -2*m. Suppose -241 = -n - 0*n. Suppose -2*b + n - 27 = m. What are the prime factors of b?
107
Let m = -6 + 26. What are the prime factors of 0*4/m + 750?
2, 3, 5
Suppose -28 = -3*w + 4*v, 0 = 2*w + w + 4*v + 4. Suppose 5*u = w*x + 1946, u - x - 386 = 3*x. Suppose -p = -5, h - 6*h + u = -5*p. List the prime factors of h.
83
Suppose -w = 4*n - 2*w - 40, 0 = -5*n + 5*w + 35. Suppose 6236 = n*v + 1528. List the prime factors of v.
2, 107
Suppose 0 = k - 2*d + 3, 2*d + 8 = -2*k + 7*d. Let u be (k - 607/(-6)) + (-61)/366. Let q = u - -178. List the prime factors of q.
2, 5, 7
Suppose -2374 = -10*j - 2*j + 3158. List the prime factors of j.
461
Suppose -5*t - 4*j = -9490, 11*t - 9*t = -2*j + 3794. Let v = t + -1180. What are the prime factors of v?
2, 19
Let w = 38 - -4. Suppose 0*v - w = 7*v. List the prime factors of ((-39)/v - 5)*94.
3, 47
Let u be -2 + -4 + 8 - 0. Suppose 0 = u*i - 18*v + 21*v - 695, 5*i - 2*v = 1709. What are the prime factors of i?
7
Let k = -943 - -514. Let h = k - -779. What are the prime factors of h?
2, 5, 7
Let g be (2981/(-99))/(4/(-36)). Suppose 276*p = g*p + 4235. List the prime factors of p.
7, 11
Suppose 5*d - 3*m - 1129 = 44, -m = -4. What are the prime factors of -7 + d + (-35)/7?
3, 5
Suppose 5*z + 4*j - 23260 = 0, 11 = 2*z + j - 9296. List the prime factors of z.
2, 3, 97
Let v be (306/(-45) + 5)/(3/10). Let w = 149 + v. What are the prime factors of w?
11, 13
Let q(y) be the first derivative of -13*y**2/2 + 158*y - 129. List the prime factors of q(9).
41
Let j = 4219 + -1217. What are the prime factors of j?
2, 19, 79
Suppose 5*t - 4186 = 4*t - 4*s, t = -3*s + 4190. What are the prime factors of t?
2, 11, 191
Suppose 0 = 2*m, -3*m + 7 = x - 2. Let f(z) = 20*z + 22. Let u be f(x). Suppose -t - 4*n = -73, 3*t - u = -n + 6*n. What are the prime factors of t?
3, 23
Let o be -1*(4 - (4 - -3)). Suppose 13 = -o*n + 28. Suppose h - 810 = -n*h. List the prime factors of h.
3, 5
Suppose 5*p - 3095 = 4*p + 2*c, -3*p = -3*c - 9282. List the prime factors of p.
3, 1031
Suppose -9097756 = -27*k - 121*k + 436848. List the prime factors of k.
23, 2801
Suppose 10*a = 5*f + 15*a - 37995, -2*f + 15202 = 4*a. List the prime factors of f.
71, 107
Suppose 5 = v - 4*v - 4*c, -20 = 4*c. Let i = -16 + 125. Suppose -v*d - 14 = -i. List the prime factors of d.
19
Let y = 98 - 93. Suppose -y*c + 3*f = -6235, -34*c + f = -32*c - 2495. What are the prime factors of c?
2, 5
Let d(c) = 42*c - 168. Let p be d(4). Suppose v - 83 - 77 = p. List the prime factors of v.
2, 5
Let v(t) = -t**3 + 19*t**2 - 12*t - 19. Let w = 354 - 346. List the prime factors of v(w).
19, 31
Suppose l = -y + 10286, 0 = -2*y + 8*l - 6*l + 20560. List the prime factors of y.
7, 13, 113
Let v = -336 - -330. List the prime factors of v + -7 + 13 - -693.
3, 7, 11
Let q(j) = 2981*j - 13091. What are the prime factors of q(5)?
2, 907
Suppose -41*y + 40*y = 21. Let w = y - 110. Let p = 269 + w. List the prime factors of p.
2, 3, 23
Let q be 3/4 + 27017874/(-216). What are the prime factors of q/(-81) + 6/(-27)?
2, 193
Let m(a) = 3*a**3 - 8*a**2 + 4. Let n be m(6). Suppose -8*c - 35 = -9*c. Suppose c*s = 39*s - n. What are the prime factors of s?
7, 13
Suppose 6 = 4*k - 10. Let m be 2/k*(5 + 0 + 383). Suppose q - 2*q + m = 4*a, 0 = -q + 2